
Suppose 0 = 2*c + 5*c - 84. Let g = -65 - -32. Let j = 78 + g. Calculate the remainder when j is divided by c.
9
Let t(o) = -o**3 + 39*o**2 - 46*o + 394. Calculate the remainder when 3958 is divided by t(38).
88
Let s = 17559 - 16892. Calculate the remainder when s is divided by 21.
16
Let p = 12247 - 12009. What is the remainder when p is divided by 100?
38
Let y = -3452 + 3508. Calculate the remainder when 173 is divided by y.
5
Let g(u) = 3*u**2 + 11*u - 24. Let b = 9 + -3. Calculate the remainder when g(-6) is divided by b/8 + (-41)/(-4).
7
Suppose 3*w + 33*w + 9*w - 6030 = 0. Calculate the remainder when w is divided by 45.
44
Let t(h) = h**2 - 39*h - 574. Suppose -5*d - 2*a - 3*a = 45, -7 = 3*d - a. Let c(u) = -28*u - 2. Calculate the remainder when c(d) is divided by t(-12).
34
Let p be (-4)/((-24)/18 - 0). Suppose -4*d + p*n + 15 = 0, -10*n + 15*n + 9 = 4*d. What is the remainder when 17 is divided by d?
5
Suppose -4*x - 4*b + 232 = 0, 52 = 364*x - 363*x - 2*b. What is the remainder when 738 is divided by x?
10
Let f(j) = -j**3 + 10*j**2 - 13*j + 20. Calculate the remainder when 3339 is divided by f(8).
39
Suppose 0 = 4*g - 4, 4*s - 4*g - 32 + 24 = 0. Suppose -4*i - s*y + 21 + 382 = 0, y = 3*i - 286. What is the remainder when i is divided by 29?
10
Suppose -i + 5*t = -53, 2*i - 71 = t + 2*t. Suppose 6*m = 2*m + i. Suppose -25*h + m*h + 684 = 0. What is the remainder when h is divided by 9?
2
Suppose 3*i - 3*v - 24 = 0, 21*v - 54 = -3*i + 18*v. Suppose -4*g - 16 = 0, -5*g - 36 = -4*k - 0*k. Let h = k - 1. What is the remainder when i is divided by h?
1
Let c = 88830 - 88811. Let j(n) = -n**3 + 13*n**2 - 2*n - 5. Calculate the remainder when j(5) is divided by c.
14
Suppose -4373 - 1027 = -15*u. Suppose -3*a + u - 267 = 0. Calculate the remainder when 121 is divided by a.
28
Let c = 5613 + -2631. Calculate the remainder when c is divided by 61.
54
Let n = -69 + 148. Suppose n = 5*q + 3*y, 0 = 4*y + 1 - 13. Suppose -26*x + 12*x = -490. What is the remainder when x is divided by q?
7
Let q be 1/(((-1)/5)/(22/(-55))). What is the remainder when 77 is divided by (3/2 + -2)/(q/(-32))?
5
Suppose -76081*f - 2091 = -76132*f. Let o(b) = -8*b - 7. Calculate the remainder when f is divided by o(-5).
8
Let s be ((-6)/5 + 7/35)*-530. Suppose 317 = 11*j - s. Calculate the remainder when j is divided by 21.
14
What is the remainder when (-149 - -2385) + 2/1 is divided by 27?
24
Suppose -52997*a - 5553 = -53006*a. What is the remainder when a is divided by 151?
13
Suppose 18*y = 17*y + 32. What is the remainder when 2109 is divided by y?
29
Let q(t) = 74*t**3 - t**2 - 4*t + 4. What is the remainder when 249 is divided by q(1)?
30
Let v(p) = p**2 + 6*p + 29. Calculate the remainder when (5 + (5 - (4 + -9)))*27 is divided by v(-5).
21
Suppose -5*n + 1566 = 24*n. Let g(u) = u - 3. What is the remainder when g(5) is divided by 4/2*(n/4 + -13)?
0
Let l be (8/10)/((-28)/18200). Let z = 728 + l. Calculate the remainder when z is divided by 42.
40
Suppose 68*h + 94 = 4*g + 66*h, -28 = -4*h. Calculate the remainder when 480 is divided by g.
21
Let p be (9 - 2) + -20*4/16. Suppose -p*v - 4*k + 2*k + 100 = 0, -5*v - k + 254 = 0. Calculate the remainder when 560 is divided by v.
50
Let h(o) = o**2 + 325*o - 4743. Calculate the remainder when (-3)/(1 + (-50)/44) is divided by h(14).
1
Let c = -470 - -480. Calculate the remainder when 828 is divided by c.
8
Let t(v) = v**3 - 15*v**2 - 48*v + 10. Let m be 3*3/36 - (-75)/4. What is the remainder when t(m) is divided by 68?
66
Let k(m) = 2*m + 5*m + 6 + 16. Let i be k(-4). Let c = i + 110. What is the remainder when c is divided by 36?
32
Let x be 12 + ((-99)/11)/1. Let v(f) be the second derivative of 7*f**3/6 + 2*f**2 - f. Calculate the remainder when v(x) is divided by 14.
11
Suppose -4*h = g - 2464, 1826 = 3*h - 2*g - 0*g. What is the remainder when h is divided by 332?
282
Let q(h) = 5*h**2 - 35*h - 67. What is the remainder when 1213 is divided by q(-2)?
17
Let f(q) = 19*q**2 + 28*q + 138. Calculate the remainder when f(-6) is divided by 72.
6
Suppose 224*t - 253*t + 62466 = 0. What is the remainder when t is divided by 12?
6
Suppose 157 = 4*g + 4*r - 1663, 3*r = -4*g + 1825. Calculate the remainder when g is divided by 116.
112
Suppose 0 = -5*z - 10, 5*p + 5*z = -36 - 9. Let q(y) = -2*y**2 - 16*y - 8. Let r be q(p). Suppose -h + r = -9. Calculate the remainder when 59 is divided by h.
14
Let o = -38453 - -38712. Calculate the remainder when o is divided by 188.
71
Let g = 1303 + -19. What is the remainder when 131 is divided by g/46 - (-142)/1633?
19
Let y(h) = -29*h**2 + 21*h + 1. Let b be y(4). Let q = 397 + b. Calculate the remainder when 48 is divided by q.
12
Let r be (3/2)/(275/(-68) - -4). Let g = r + 208. Calculate the remainder when g is divided by 46.
36
Let d(j) = j**2 - j. Let w(i) = -6*i**2 + 17*i + 40. Let l(k) = 5*d(k) + w(k). What is the remainder when 23 is divided by l(14)?
11
Suppose -5*h + 419 = 3*v, 3*v + 0 = -6. Let q(r) be the first derivative of -r**2/2 + 16*r - 14. What is the remainder when h is divided by q(-13)?
27
Let y = -936 - -944. Let s(d) = -5*d. Let h be s(-7). Suppose 3*t + h = 2*k, -3*k + 5*t = k - 75. Calculate the remainder when k is divided by y.
1
Let a(p) be the first derivative of p**4/4 - p**3 + 5*p**2 + p - 6. Calculate the remainder when 185 is divided by a(3).
30
Let a be 1 + 1 - (2 + 3 - 5). Let h be (a + -442)/(-1) - 0. Let z = h + -307. What is the remainder when z is divided by 45?
43
Let j(l) = 42*l**2 - 25*l - 2. What is the remainder when j(2) is divided by ((-6)/4)/((-42)/952)?
14
Suppose r - 4*r = -5*q + 381, r = 3*q - 231. Let t(s) = s**3 - 91*s + 266. Calculate the remainder when q is divided by t(3).
18
Let l = -27 - -51. Suppose 5*s = 250*v - 247*v + 678, v - 522 = -4*s. What is the remainder when s is divided by l?
12
Let t(j) = 4*j**2 - 5*j - 3. Suppose 8 = -4*z + 2*z + 4*n, 2*z = 2*n - 6. Calculate the remainder when t(-3) is divided by (1 + z)/(19/(-247)).
9
Let g = 70 - 68. Suppose 4*u + g = -z, 0*u = 3*z + u + 50. Let t = -7 - z. What is the remainder when t is divided by 7?
4
Suppose -5*r + 682 = -a + 4*a, -2*a + 484 = -4*r. Suppose 84 = 2*h + 2*j, -4*h + a = h - j. What is the remainder when 134 is divided by h?
42
Let w(x) = 3*x**2 + 4*x**2 - 21 + 24 + 4*x - 4. Calculate the remainder when 91 is divided by w(-2).
15
What is the remainder when (14*5/(-140))/(((-3)/4934)/3) is divided by 47?
23
Let d be ((-20)/(-14))/(6/21). Suppose -q - 5*s + 15 = 0, 0 = d*q + 3*s + 6 - 125. Let j = q - -5. Calculate the remainder when 89 is divided by j.
29
Suppose 569232 = 4*t + 398*t. Calculate the remainder when t is divided by 129.
126
Suppose -9880 = -2*g + 105*t - 109*t, 3*g = -4*t + 14812. What is the remainder when g is divided by 21?
18
Suppose 29*l - 25*l = 744. Calculate the remainder when l is divided by -1 - (-65)/3 - (-1)/3.
18
Suppose 0 = -153*z + 119*z + 34. Calculate the remainder when 187 is divided by z.
0
Let f = 172 - 170. Suppose -2*l - d = d - 236, -f*l - 4*d + 236 = 0. What is the remainder when l is divided by 20?
18
Suppose -4*j + 669 = 2*o - 239, 0 = -4*j - 12. Calculate the remainder when o is divided by 150.
10
Let g(q) = 30*q - 85. Let z(f) = 5 - 3*f + 10*f + f**2 - 6*f + 0. What is the remainder when z(-3) is divided by g(3)?
1
Suppose 59 = 5*i + h, 0 = 4*i - h + 7 - 47. Suppose 9*s + 13 = 31. Calculate the remainder when ((-9)/s)/((-33)/154) is divided by i.
10
Let n(f) = -f**3 + 84*f**2 + 174*f - 164. Suppose -5*q - 2545 = -10*q. Calculate the remainder when q is divided by n(86).
5
Let n = -22 - -21. Let j(v) = 3*v + 3. Let d be j(n). Suppose d*a = 3*a - 36. What is the remainder when 47 is divided by a?
11
Let g = 127 + -114. Suppose -5*w + 26*d = 24*d - 386, 319 = 4*w - 5*d. What is the remainder when w is divided by g?
11
Suppose 6*l - 3*l - 12 = 0. Let x = 8 + 27. Suppose -4*z = l*d - 140, -x = -3*z + 2*z - 3*d. Calculate the remainder when 136 is divided by z.
31
Let u be (-57)/3 - ((3 - 9) + 5). Let n = 41 + u. Let r(o) = -68*o - 1. Calculate the remainder when r(-2) is divided by n.
20
Let m(r) = -r**3 + 23*r**2 - 100*r + 3. What is the remainder when 3624 is divided by m(17)?
35
Suppose 0*b + 48*b - 13965 = -85*b.